) + 9.
0
Evaluate (-11 - 4 - (17 - 37)) + (1 - -1).
7
What is the value of 47 + (2 - -8) + -48 + 27?
36
What is the value of -16 + (-1 + 19 - 11)?
-9
What is the value of 6 + (0 - -1) + (180 - 171)?
16
Evaluate (-25 - -4) + -13 + 31.
-3
What is the value of -2 + 2 + -2 + 1 - (-17 - -14)?
2
Evaluate 1 - -11 - (14 + 9 + -23).
12
Calculate 29 - 16 - (-2 + 2 - 8).
21
Calculate 11 + -6 - ((-3 - 0) + -3).
11
Calculate 12 + -9 + -12 + (-4 - 1).
-14
161 + -154 - (-4 - (3 - 2))
12
What is 32 - (72 - (18 - -20))?
-2
Calculate (2 - -7) + 78 + -74.
13
What is (-2 + -3 - -4) + (6 - -10) + -15?
0
Evaluate -23 + (26 - (-4 + 23)).
-16
What is the value of (11 + -14 - -6) + -4?
-1
Calculate 13 + (-6 + 12 - -2) + -14.
7
(18 - 2) + -44 - -10
-18
What is the value of -1 - (29 - 3 - 15)?
-12
Evaluate -1 + 5 - (-203 + 207).
0
What is the value of -2 + 7 + (-78 - -78)?
5
What is the value of (-6 - -8) + -30 + 34?
6
What is the value of (1 - -2 - (11 - 8 - -5)) + -6?
-11
What is the value of -26 - -20 - ((5 - 2) + -1)?
-8
Calculate 0 - -3 - (-33 + 50).
-14
Evaluate 0 + -1 + 10 + -416 + 408.
1
-11 + 0 + 218 + -178 + -8
21
8 - -2 - (12 + -2 + -28 + 55)
-27
What is -22 + 21 - 1 - (-3 - 7)?
8
Evaluate 0 + -1 + (4 - 2) + -140 + 134.
-5
10 + (-18 - (-8 + 10 + 2))
-12
Evaluate 7 + -22 + 0 + 24.
9
What is the value of 1 - (3 - (29 - 15))?
12
What is the value of (43 - 29) + (13 - 38)?
-11
Calculate 37 - (11 - (-27 - (-34 + 14))).
19
What is the value of -11 + (6 + 10 - 2)?
3
What is -17 + ((-10 - -17) + -14 - -7)?
-17
Calculate 36 - 26 - ((4 + 5 - -6) + 6).
-11
(-19 - 23) + (-1 - -27)
-16
What is 7 + 29 + -41 + -27?
-32
Evaluate 9 + (0 + (-6 - -6) - 7) + 6.
8
Evaluate (-14 - -7) + 2 - (-5 + 12).
-12
What is 4 + 1 + (-8 - 0 - -2) - -3?
2
Calculate -20 - (21 - (43 - 4)).
-2
Evaluate (40 - 17 - 18 - -39) + -8.
36
(0 - 19) + 13 + 4
-2
Calculate 7 + (0 - 11 - -14) + 4.
14
-4 + -3 + 4 - (-61 - -46)
12
What is the value of -48 + 11 - (-15 - -1)?
-23
Calculate -23 - (-8 - (-6 - -3 - -6)).
-12
Evaluate (0 - -2) + (-2 - -3) + (-78 - -86).
11
Evaluate -9 + 8 - ((15 - 5) + -5 - 11).
5
What is -1 + -30 + 848 + -851?
-34
What is the value of -4 + -15 + 9 + 5?
-5
What is 60 + -67 + 3 + 2 + -1?
-3
Evaluate 3 - -3 - 0 - 2 - (-15 + 16).
3
What is 1 + -12 + (-4 - -12) + -7?
-10
Calculate (2 - 37) + (-224 - -245).
-14
(2829 - 2841) + 1 + (0 - 9)
-20
Evaluate -6 + (-8 - -12) + -4 - -4 - 11.
-13
What is 4 - 8 - 0 - (18 + -29)?
7
Calculate -7 - -5 - (7 + (12 - 29) + -1).
9
Calculate 2 - (11 - 4) - -13.
8
What is -9 + (-6 - -2 - (4 + 0 + -3))?
-14
Calculate 13 + -5 + (3 + -7 - -3).
7
Calculate 11 - ((30 - 8) + -16).
5
Evaluate (-1 - -14) + (-57 - -52).
8
What is the value of 0 + (-7 + -2 + 6 - 3 - 1)?
-7
What is the value of 2 + -6 + (-2 + 7 + -9 - -26)?
18
66 + -65 - (5 - -2)
-6
Evaluate -2 - (20 + -23 - -1 - (2 - -33)).
35
-1 - (-422 + 428 - (36 + (2 - 4)))
27
Evaluate -25 + 1 + (-8 - 2) - -13.
-21
Evaluate 10 - ((-1 - 8) + 4 - -8).
7
What is (-59 - -35 - (-11 - 0)) + 40?
27
What is the value of -12 + 7 + (7 - 3) + 8 - 21?
-14
Calculate (-3 - 38) + (79 - 72) + 10.
-24
What is -573 - -556 - (-21 + 1)?
3
What is -9 - -19 - 32 - -18?
-4
15 - (-47 + 21 - -31)
10
Calculate -19 + (30 - 19) + 6 + -3.
-5
Evaluate (5 - 3) + (1 - 11) + (-25 - -7).
-26
What is 0 - 9 - (42 + -22 - 24)?
-5
What is the value of -13 + 13 - (1 - -3)?
-4
Evaluate (-4 - (-13 - 2)) + (-18 - 3) - -47.
37
-2 + -3 - (23 + -12 - (37 - -1))
22
Evaluate -13 + 2 + (-6 - 4 - -12).
-9
-16 + (46 + -2 - 23)
5
What is 16 - (5 + -10 + (4 - (-8 - -8)))?
17
Calculate 9 + -5 + (0 + 2 - (74 + -51)).
-17
Evaluate 0 + 1 + -4 + (1 + 21 - 23).
-4
Evaluate -15 - (-15 - (-24 + 27)).
3
Evaluate 29 - 30 - (-16 - -1).
14
Calculate 0 - (22 - (15 + 0 + -12)).
-19
Evaluate 3 + (-1 - (-1 + 9)) + 10 - 8.
-4
What is -3 - (-26 + -19 + 21)?
21
What is (-5 + 5 - -2) + 10 - (-98 - -101)?
9
What is 36 - (-27 + 33 + 20)?
10
Calculate (-13 - -3) + (-37 - -38) + -7.
-16
What is the value of -2 - ((-678 - -698) + (1 - (-6 - 1)))?
-30
What is 6 + -3 - (-20 + 20) - (1 + 7)?
-5
Evaluate (11 - 15) + 6 + -3 + -6.
-7
Calculate -12 + 3 + (5 - -14).
10
Evaluate (3 - -12) + -5 + -20 - -13.
3
Calculate 8 - (-1 - 18 - (-9 + (5 - 6))).
17
What is 11 + (-2 - 4) + -3?
2
What is 7 + 0 + -20 + -15?
-28
Calculate 0 - 2 - (-7 + (2 - -3)).
0
Evaluate -9 - (-2 + (8 - 20) + 4).
1
What is -18 - (-23 + 25) - -9?
-11
Evaluate -2 + 12 + -5 - -4 - (1 + -6).
14
Calculate -18 - 2 - (-253 - -219).
14
Evaluate 4 - (-4 - -15 - 19 - -2 - 4).
14
What is the value of (3 - 42) + (-40 - -62)?
-17
Calculate -262 + 218 + -5 + 26.
-23
Evaluate -9 - (-5 + 14 + -5 - 4).
-9
Evaluate 1 + 2 + 10 - (-1104 + 1100).
17
What is the value of 10 - (-2 - (-1 - 19))?
-8
What is the value of 6 - (4 + (2 - 22) + 26)?
-4
What is (44 - 27) + 0 + -33?
-16
What is -8 - (-13 - (-31 + 19))?
-7
What is the value of 24 + (-11 - 5) + -10 - 21?
-23
Calculate -812 + 796 + (8 - -1).
-7
What is 25 + -16 + 13 + -10 + 1 + 0?
13
Calculate -9 + 12 - ((3 - 9) + -5 + 5).
9
What is (26 + -3 - 9) + -10 + 0?
4
What is the value of -3 + (11 - (3 + 5)) + 8?
8
What is the value of (2 - 1) + 0 + 5 + (-13 - -8)?
1
Evaluate (14 - (2 + -3 + 3)) + (-25 - -18).
5
Evaluate (-1 - -5) + 32 - 20.
16
Evaluate 37 + 1 + -23 - 9 - (8 + -1).
-1
-1 + 0 + -9 + -4 + 4 - 8
-18
Evaluate 2 + (3 - 12) + (-121 - -115) - 8.
-21
What is the value of 56 + 22 + -61 - (8 - -1)?
8
What is the value of 1 - (-4 + -4 - -15) - -16?
10
7 - ((-10 - -12 - 4 - 11) + -7)
27
10 + (2 - 18) + 2 + -1 + -2
-7
What is the value of (5 - 8 - 3 - (8 + -3)) + 1?
-10
What is -10 + (9 + 3 + -7 - 1)?
-6
Calculate 9 + 20 - (20 - 2).
11
Calculate 0 - (-5 + 0 + -5 + 4).
6
Calculate -25 + (-20 - -10 - (-6 - -2) - -11).
-20
What is the value of -9 - ((-8 - -2) + -5) - (-8 + -5)?
15
(43 + -19 - -27) + (-22 - -3)
32
Evaluate 19 + -22 + 46 + -11.
32
What is the value of 1 - ((-28 - -5) + 5) - -3?
22
Calculate -7 + 4 + (2 - 23) + 12.
-12
Evaluate -54 + 49 + 9 + 0 + 9 + -42.
-29
8 - (-4 + 8 + 7 + -10)
7
What is (9 - (-11 + 25)) + 2 + (1 - 3)?
-5
What is the value of -15 - -1 - (24 - 36) - (1 - -1)?
-4
What is -246 - -243 - ((2 + -2 - -1) + 5)?
-9
Evaluate (289 - 279) + (-2 - 22).
-14
What is 2 + -7 + (9 + -1 - (8 - 5))?
0
What is the value of -3 + 4 - 3 - (-7 - (-27 + 3))?
-19
Calculate -3 + (20 - 33 - -28).
12
Evaluate 6 - 10 - ((9 - 2) + 67 + -105).
27
-2 + 27 + -12 - (3 - -3) - 5
2
Calculate (175 - 167) + -1 + 2.
9
What is 180 + -168 + 3 + -4?
11
What is -7 + (4 - (6 + 0)) + -71 + 63?
-17
What is 7 - (2 + (-15 - -23 - 12))?
9
Evaluate 5 - 18 - (-7 + (3 - 8)).
-1
(5 + 3 + -7 - 1) + 6
6
Evaluate -22 + (6 - (-13 - -25) - -11).
-17
What is the value of 6 - (-9 - 1 - ((14 - 10) + -14))?
6
Calculate -4 - -1 - (-1421 - -1378).
40
1 + -3 + 5 + 4 + 5
12
What is -8 - (19 + (-12 - 23))?
8
Evaluate (34 + -27 - 20) + 15.
2
(1 - 0) + -16 + (-5514 - -5545)
16
Calculate (-30 + -14 + 31 - (0 - 4)) + 38.
29
What is the value of (16 - -5) + -17 - 11?
-7
15 + (-17 - (15 - 23))
6
What is the value of 10 + 11 + (-11 + -4 - -6)?
12
Calculate (-1 - ((5 - -2) + -2) - -9) + -7.
-4
0 + (9 - 6) + -4
-1
Evaluate 4 + 1 + (15 - 16).
4
Calculate -5 - 1 - (-44 + 24 + 11).
3
What is the value of 8 + 0 + 723 + -718 + -9 + -1?
3
What is the value of -5 - 18 - (-12 - -1)?
-12
Calculate 5 - (-1 + 2 + -4) - (-4 + -4).
16
What is the value of -7 - (-14 + -5 + 10)?
2
What is (1 - -4 - -3) + (-11 - -5) + 0?
2
Calculate 11 + (-1 + -10 - (48 - 52)) + -1.
3
(3 + -5 - (33 + -32)) + -4
-7
What is the value of 0 - (-4 + 4) - 16 - -10?
-6
What is the value of 8 + (18 - 29) + 19?
16
-1 - (-1 - 18) - (62 - (199 - 145))
10
(-4 - (-4 - 12) - 38) + 11
-15
What is (25 - 22) + 4 + (0 - 18)?
-11
1 - (-4 - 1 - (-4 + 8))
10
Calculate -15 + 18 + -14 + 8.
-3
What is 1 - -1 - (337 + -329)?
-6
2 + 18 - (-2 + (-6 + -9 - -13))
24
What is the value of 4 + -8 + 6 + (-10 - -5) - -11?
8
Evaluate -34 - 1 - -24 - (5 - -1).
-17
What is -41 + 1 + (14 - (-34 + 40))?
-32
Evaluate (368 - 384) + (37 - -2).
23
What is the value of 0 - (-8 - (0 + -8)) - 3 - -9?
6
Evaluate -3 + 2 + 134 + -135.
-2
Evaluate -3 + 5 - (-24 + 35).
-9
Evaluate 16 - (-14 + 57 + 4) - -13.
-18
(-18 - -1) + -3 + (-24 + 14 - -15)
-15
What is the value of (9 + -12 + 5 - 5) + 11?
8
What is the value of 15 + -